{"id":555,"date":"2018-05-10T14:38:36","date_gmt":"2018-05-10T12:38:36","guid":{"rendered":"http:\/\/experts-comptables-espagne.com\/modele720\/"},"modified":"2018-09-28T12:44:41","modified_gmt":"2018-09-28T10:44:41","slug":"modelo720","status":"publish","type":"page","link":"https:\/\/amedia-contables-espana.com\/pt-pt\/modelo720\/","title":{"rendered":"Modelo 720 \u2013 Obriga\u00e7\u00e3o de declara\u00e7\u00e3o"},"content":{"rendered":"","protected":false},"excerpt":{"rendered":"","protected":false},"author":3,"featured_media":0,"parent":0,"menu_order":0,"comment_status":"closed","ping_status":"closed","template":"templates\/custom-Page.php","meta":{"advgb_blocks_editor_width":"","advgb_blocks_columns_visual_guide":"","footnotes":""},"class_list":["post-555","page","type-page","status-publish","hentry"],"yoast_head":"<!-- This site is optimized with the Yoast SEO plugin v28.2 - https:\/\/yoast.com\/product\/yoast-seo-wordpress\/ -->\n<title>Modelo 720 \u2013 Obriga\u00e7\u00e3o de declara\u00e7\u00e3o - Amedia contables espana<\/title>\n<meta name=\"description\" content=\"Voc\u00ea \u00e9 um residente fiscal na Espanha? Voc\u00ea tem uma propriedade de mais de \u20ac 50.000 fora da Espanha? O modelo 720 \u00e9 para voc\u00ea.\" \/>\n<meta name=\"robots\" content=\"index, follow, max-snippet:-1, max-image-preview:large, max-video-preview:-1\" \/>\n<link rel=\"canonical\" href=\"https:\/\/amedia-contables-espana.com\/pt-pt\/modelo720\/\" \/>\n<meta property=\"og:locale\" content=\"pt_PT\" \/>\n<meta property=\"og:type\" content=\"article\" \/>\n<meta property=\"og:title\" content=\"Modelo 720 \u2013 Obriga\u00e7\u00e3o de declara\u00e7\u00e3o - Amedia contables espana\" \/>\n<meta property=\"og:description\" content=\"Voc\u00ea \u00e9 um residente fiscal na Espanha? Voc\u00ea tem uma propriedade de mais de \u20ac 50.000 fora da Espanha? O modelo 720 \u00e9 para voc\u00ea.\" \/>\n<meta property=\"og:url\" content=\"https:\/\/amedia-contables-espana.com\/pt-pt\/modelo720\/\" \/>\n<meta property=\"og:site_name\" content=\"Amedia contables espana\" \/>\n<meta property=\"article:modified_time\" content=\"2018-09-28T10:44:41+00:00\" \/>\n<meta name=\"twitter:card\" content=\"summary_large_image\" \/>\n<script type=\"application\/ld+json\" class=\"yoast-schema-graph\">{\"@context\":\"https:\\\/\\\/schema.org\",\"@graph\":[{\"@type\":\"WebPage\",\"@id\":\"https:\\\/\\\/amedia-contables-espana.com\\\/pt-pt\\\/modelo720\\\/\",\"url\":\"https:\\\/\\\/amedia-contables-espana.com\\\/pt-pt\\\/modelo720\\\/\",\"name\":\"Modelo 720 \u2013 Obriga\u00e7\u00e3o de declara\u00e7\u00e3o - Amedia contables espana\",\"isPartOf\":{\"@id\":\"https:\\\/\\\/amedia-contables-espana.com\\\/fr\\\/#website\"},\"datePublished\":\"2018-05-10T12:38:36+00:00\",\"dateModified\":\"2018-09-28T10:44:41+00:00\",\"description\":\"Voc\u00ea \u00e9 um residente fiscal na Espanha? Voc\u00ea tem uma propriedade de mais de \u20ac 50.000 fora da Espanha? O modelo 720 \u00e9 para voc\u00ea.\",\"breadcrumb\":{\"@id\":\"https:\\\/\\\/amedia-contables-espana.com\\\/pt-pt\\\/modelo720\\\/#breadcrumb\"},\"inLanguage\":\"pt-PT\",\"potentialAction\":[{\"@type\":\"ReadAction\",\"target\":[\"https:\\\/\\\/amedia-contables-espana.com\\\/pt-pt\\\/modelo720\\\/\"]}]},{\"@type\":\"BreadcrumbList\",\"@id\":\"https:\\\/\\\/amedia-contables-espana.com\\\/pt-pt\\\/modelo720\\\/#breadcrumb\",\"itemListElement\":[{\"@type\":\"ListItem\",\"position\":1,\"name\":\"Accueil\",\"item\":\"https:\\\/\\\/amedia-contables-espana.com\\\/pt-pt\\\/\"},{\"@type\":\"ListItem\",\"position\":2,\"name\":\"Modelo 720 \u2013 Obriga\u00e7\u00e3o de declara\u00e7\u00e3o\"}]},{\"@type\":\"WebSite\",\"@id\":\"https:\\\/\\\/amedia-contables-espana.com\\\/fr\\\/#website\",\"url\":\"https:\\\/\\\/amedia-contables-espana.com\\\/fr\\\/\",\"name\":\"Amedia contables espana\",\"description\":\"\",\"potentialAction\":[{\"@type\":\"SearchAction\",\"target\":{\"@type\":\"EntryPoint\",\"urlTemplate\":\"https:\\\/\\\/amedia-contables-espana.com\\\/fr\\\/?s={search_term_string}\"},\"query-input\":{\"@type\":\"PropertyValueSpecification\",\"valueRequired\":true,\"valueName\":\"search_term_string\"}}],\"inLanguage\":\"pt-PT\"}]}<\/script>\n<!-- \/ Yoast SEO plugin. -->","yoast_head_json":{"title":"Modelo 720 \u2013 Obriga\u00e7\u00e3o de declara\u00e7\u00e3o - Amedia contables espana","description":"Voc\u00ea \u00e9 um residente fiscal na Espanha? Voc\u00ea tem uma propriedade de mais de \u20ac 50.000 fora da Espanha? O modelo 720 \u00e9 para voc\u00ea.","robots":{"index":"index","follow":"follow","max-snippet":"max-snippet:-1","max-image-preview":"max-image-preview:large","max-video-preview":"max-video-preview:-1"},"canonical":"https:\/\/amedia-contables-espana.com\/pt-pt\/modelo720\/","og_locale":"pt_PT","og_type":"article","og_title":"Modelo 720 \u2013 Obriga\u00e7\u00e3o de declara\u00e7\u00e3o - Amedia contables espana","og_description":"Voc\u00ea \u00e9 um residente fiscal na Espanha? Voc\u00ea tem uma propriedade de mais de \u20ac 50.000 fora da Espanha? O modelo 720 \u00e9 para voc\u00ea.","og_url":"https:\/\/amedia-contables-espana.com\/pt-pt\/modelo720\/","og_site_name":"Amedia contables espana","article_modified_time":"2018-09-28T10:44:41+00:00","twitter_card":"summary_large_image","schema":{"@context":"https:\/\/schema.org","@graph":[{"@type":"WebPage","@id":"https:\/\/amedia-contables-espana.com\/pt-pt\/modelo720\/","url":"https:\/\/amedia-contables-espana.com\/pt-pt\/modelo720\/","name":"Modelo 720 \u2013 Obriga\u00e7\u00e3o de declara\u00e7\u00e3o - Amedia contables espana","isPartOf":{"@id":"https:\/\/amedia-contables-espana.com\/fr\/#website"},"datePublished":"2018-05-10T12:38:36+00:00","dateModified":"2018-09-28T10:44:41+00:00","description":"Voc\u00ea \u00e9 um residente fiscal na Espanha? Voc\u00ea tem uma propriedade de mais de \u20ac 50.000 fora da Espanha? O modelo 720 \u00e9 para voc\u00ea.","breadcrumb":{"@id":"https:\/\/amedia-contables-espana.com\/pt-pt\/modelo720\/#breadcrumb"},"inLanguage":"pt-PT","potentialAction":[{"@type":"ReadAction","target":["https:\/\/amedia-contables-espana.com\/pt-pt\/modelo720\/"]}]},{"@type":"BreadcrumbList","@id":"https:\/\/amedia-contables-espana.com\/pt-pt\/modelo720\/#breadcrumb","itemListElement":[{"@type":"ListItem","position":1,"name":"Accueil","item":"https:\/\/amedia-contables-espana.com\/pt-pt\/"},{"@type":"ListItem","position":2,"name":"Modelo 720 \u2013 Obriga\u00e7\u00e3o de declara\u00e7\u00e3o"}]},{"@type":"WebSite","@id":"https:\/\/amedia-contables-espana.com\/fr\/#website","url":"https:\/\/amedia-contables-espana.com\/fr\/","name":"Amedia contables espana","description":"","potentialAction":[{"@type":"SearchAction","target":{"@type":"EntryPoint","urlTemplate":"https:\/\/amedia-contables-espana.com\/fr\/?s={search_term_string}"},"query-input":{"@type":"PropertyValueSpecification","valueRequired":true,"valueName":"search_term_string"}}],"inLanguage":"pt-PT"}]}},"coauthors":[],"author_meta":{"author_link":"https:\/\/amedia-contables-espana.com\/pt-pt\/blog\/author\/admin-masonu\/","display_name":"Vitali"},"relative_dates":{"created":"Posted 8 anos ago","modified":"Updated 8 anos ago"},"absolute_dates":{"created":"Posted on 10 Maio 2018","modified":"Updated on 28 Setembro 2018"},"absolute_dates_time":{"created":"Posted on 10 Maio 2018 14 h 38 min","modified":"Updated on 28 Setembro 2018 12 h 44 min"},"featured_img_caption":"","featured_img":false,"series_order":"","_links":{"self":[{"href":"https:\/\/amedia-contables-espana.com\/pt-pt\/wp-json\/wp\/v2\/pages\/555","targetHints":{"allow":["GET"]}}],"collection":[{"href":"https:\/\/amedia-contables-espana.com\/pt-pt\/wp-json\/wp\/v2\/pages"}],"about":[{"href":"https:\/\/amedia-contables-espana.com\/pt-pt\/wp-json\/wp\/v2\/types\/page"}],"author":[{"embeddable":true,"href":"https:\/\/amedia-contables-espana.com\/pt-pt\/wp-json\/wp\/v2\/users\/3"}],"replies":[{"embeddable":true,"href":"https:\/\/amedia-contables-espana.com\/pt-pt\/wp-json\/wp\/v2\/comments?post=555"}],"version-history":[{"count":2,"href":"https:\/\/amedia-contables-espana.com\/pt-pt\/wp-json\/wp\/v2\/pages\/555\/revisions"}],"predecessor-version":[{"id":557,"href":"https:\/\/amedia-contables-espana.com\/pt-pt\/wp-json\/wp\/v2\/pages\/555\/revisions\/557"}],"wp:attachment":[{"href":"https:\/\/amedia-contables-espana.com\/pt-pt\/wp-json\/wp\/v2\/media?parent=555"}],"curies":[{"name":"wp","href":"https:\/\/api.w.org\/{rel}","templated":true}]}}

Modelo 720 – Obrigação de declaração

<!-- This site is optimized with the Yoast SEO plugin v28.2 - https://yoast.com/product/yoast-seo-wordpress/ -->
<title>Modelo 720 – Obrigação de declaração - Amedia contables espana</title>
<meta name="description" content="Você é um residente fiscal na Espanha? Você tem uma propriedade de mais de € 50.000 fora da Espanha? O modelo 720 é para você." />
<meta name="robots" content="index, follow, max-snippet:-1, max-image-preview:large, max-video-preview:-1" />
<link rel="canonical" href="https://amedia-contables-espana.com/pt-pt/modelo720/" />
<meta property="og:locale" content="pt_PT" />
<meta property="og:type" content="article" />
<meta property="og:title" content="Modelo 720 – Obrigação de declaração - Amedia contables espana" />
<meta property="og:description" content="Você é um residente fiscal na Espanha? Você tem uma propriedade de mais de € 50.000 fora da Espanha? O modelo 720 é para você." />
<meta property="og:url" content="https://amedia-contables-espana.com/pt-pt/modelo720/" />
<meta property="og:site_name" content="Amedia contables espana" />
<meta property="article:modified_time" content="2018-09-28T10:44:41+00:00" />
<meta name="twitter:card" content="summary_large_image" />
<script type="application/ld+json" class="yoast-schema-graph">{"@context":"https:\/\/schema.org","@graph":[{"@type":"WebPage","@id":"https:\/\/amedia-contables-espana.com\/pt-pt\/modelo720\/","url":"https:\/\/amedia-contables-espana.com\/pt-pt\/modelo720\/","name":"Modelo 720 – Obrigação de declaração - Amedia contables espana","isPartOf":{"@id":"https:\/\/amedia-contables-espana.com\/fr\/#website"},"datePublished":"2018-05-10T12:38:36+00:00","dateModified":"2018-09-28T10:44:41+00:00","description":"Você é um residente fiscal na Espanha? Você tem uma propriedade de mais de € 50.000 fora da Espanha? O modelo 720 é para você.","breadcrumb":{"@id":"https:\/\/amedia-contables-espana.com\/pt-pt\/modelo720\/#breadcrumb"},"inLanguage":"pt-PT","potentialAction":[{"@type":"ReadAction","target":["https:\/\/amedia-contables-espana.com\/pt-pt\/modelo720\/"]}]},{"@type":"BreadcrumbList","@id":"https:\/\/amedia-contables-espana.com\/pt-pt\/modelo720\/#breadcrumb","itemListElement":[{"@type":"ListItem","position":1,"name":"Accueil","item":"https:\/\/amedia-contables-espana.com\/pt-pt\/"},{"@type":"ListItem","position":2,"name":"Modelo 720 – Obrigação de declaração"}]},{"@type":"WebSite","@id":"https:\/\/amedia-contables-espana.com\/fr\/#website","url":"https:\/\/amedia-contables-espana.com\/fr\/","name":"Amedia contables espana","description":"","potentialAction":[{"@type":"SearchAction","target":{"@type":"EntryPoint","urlTemplate":"https:\/\/amedia-contables-espana.com\/fr\/?s={search_term_string}"},"query-input":{"@type":"PropertyValueSpecification","valueRequired":true,"valueName":"search_term_string"}}],"inLanguage":"pt-PT"}]}</script>
<!-- / Yoast SEO plugin. -->

Modelo 720 – Obrigação de declaração - Amedia contables espana

Você é um residente fiscal na Espanha? Você tem uma propriedade de mais de € 50.000 fora da Espanha? O modelo 720 é para você.
