{"id":517,"date":"2018-03-12T14:13:24","date_gmt":"2018-03-12T13:13:24","guid":{"rendered":"http:\/\/experts-comptables-espagne.com\/notre-cabinet-comptable\/"},"modified":"2018-09-28T08:36:54","modified_gmt":"2018-09-28T06:36:54","slug":"grupo-amedia-especialistas-contabeis-espanha","status":"publish","type":"page","link":"https:\/\/amedia-contables-espana.com\/pt-pt\/grupo-amedia-especialistas-contabeis-espanha\/","title":{"rendered":"Sobre a nossa firma de contabilidade"},"content":{"rendered":"","protected":false},"excerpt":{"rendered":"","protected":false},"author":3,"featured_media":0,"parent":0,"menu_order":0,"comment_status":"closed","ping_status":"closed","template":"templates\/custom-Page.php","meta":{"advgb_blocks_editor_width":"","advgb_blocks_columns_visual_guide":"","footnotes":""},"class_list":["post-517","page","type-page","status-publish","hentry"],"yoast_head":"<!-- This site is optimized with the Yoast SEO plugin v28.2 - https:\/\/yoast.com\/product\/yoast-seo-wordpress\/ -->\n<title>Firma de contabilidade em Espanha - Amedia-contadores-espanha<\/title>\n<meta name=\"description\" content=\"O Grupo Amedia \u2013 peritos em contabilidade em Espanha, tem escrit\u00f3rios em jurisdi\u00e7\u00f5es fiscais de refer\u00eancia em todo o mundo.\" \/>\n<meta name=\"robots\" content=\"index, follow, max-snippet:-1, max-image-preview:large, max-video-preview:-1\" \/>\n<link rel=\"canonical\" href=\"https:\/\/amedia-contables-espana.com\/pt-pt\/grupo-amedia-especialistas-contabeis-espanha\/\" \/>\n<meta property=\"og:locale\" content=\"pt_PT\" \/>\n<meta property=\"og:type\" content=\"article\" \/>\n<meta property=\"og:title\" content=\"Firma de contabilidade em Espanha - Amedia-contadores-espanha\" \/>\n<meta property=\"og:description\" content=\"O Grupo Amedia \u2013 peritos em contabilidade em Espanha, tem escrit\u00f3rios em jurisdi\u00e7\u00f5es fiscais de refer\u00eancia em todo o mundo.\" \/>\n<meta property=\"og:url\" content=\"https:\/\/amedia-contables-espana.com\/pt-pt\/grupo-amedia-especialistas-contabeis-espanha\/\" \/>\n<meta property=\"og:site_name\" content=\"Amedia contables espana\" \/>\n<meta property=\"article:modified_time\" content=\"2018-09-28T06:36:54+00:00\" \/>\n<meta name=\"twitter:card\" content=\"summary_large_image\" \/>\n<script type=\"application\/ld+json\" class=\"yoast-schema-graph\">{\"@context\":\"https:\\\/\\\/schema.org\",\"@graph\":[{\"@type\":\"WebPage\",\"@id\":\"https:\\\/\\\/amedia-contables-espana.com\\\/pt-pt\\\/grupo-amedia-especialistas-contabeis-espanha\\\/\",\"url\":\"https:\\\/\\\/amedia-contables-espana.com\\\/pt-pt\\\/grupo-amedia-especialistas-contabeis-espanha\\\/\",\"name\":\"Firma de contabilidade em Espanha - Amedia-contadores-espanha\",\"isPartOf\":{\"@id\":\"https:\\\/\\\/amedia-contables-espana.com\\\/fr\\\/#website\"},\"datePublished\":\"2018-03-12T13:13:24+00:00\",\"dateModified\":\"2018-09-28T06:36:54+00:00\",\"description\":\"O Grupo Amedia \u2013 peritos em contabilidade em Espanha, tem escrit\u00f3rios em jurisdi\u00e7\u00f5es fiscais de refer\u00eancia em todo o mundo.\",\"breadcrumb\":{\"@id\":\"https:\\\/\\\/amedia-contables-espana.com\\\/pt-pt\\\/grupo-amedia-especialistas-contabeis-espanha\\\/#breadcrumb\"},\"inLanguage\":\"pt-PT\",\"potentialAction\":[{\"@type\":\"ReadAction\",\"target\":[\"https:\\\/\\\/amedia-contables-espana.com\\\/pt-pt\\\/grupo-amedia-especialistas-contabeis-espanha\\\/\"]}]},{\"@type\":\"BreadcrumbList\",\"@id\":\"https:\\\/\\\/amedia-contables-espana.com\\\/pt-pt\\\/grupo-amedia-especialistas-contabeis-espanha\\\/#breadcrumb\",\"itemListElement\":[{\"@type\":\"ListItem\",\"position\":1,\"name\":\"Accueil\",\"item\":\"https:\\\/\\\/amedia-contables-espana.com\\\/pt-pt\\\/\"},{\"@type\":\"ListItem\",\"position\":2,\"name\":\"Sobre a nossa firma de contabilidade\"}]},{\"@type\":\"WebSite\",\"@id\":\"https:\\\/\\\/amedia-contables-espana.com\\\/fr\\\/#website\",\"url\":\"https:\\\/\\\/amedia-contables-espana.com\\\/fr\\\/\",\"name\":\"Amedia contables espana\",\"description\":\"\",\"potentialAction\":[{\"@type\":\"SearchAction\",\"target\":{\"@type\":\"EntryPoint\",\"urlTemplate\":\"https:\\\/\\\/amedia-contables-espana.com\\\/fr\\\/?s={search_term_string}\"},\"query-input\":{\"@type\":\"PropertyValueSpecification\",\"valueRequired\":true,\"valueName\":\"search_term_string\"}}],\"inLanguage\":\"pt-PT\"}]}<\/script>\n<!-- \/ Yoast SEO plugin. -->","yoast_head_json":{"title":"Firma de contabilidade em Espanha - Amedia-contadores-espanha","description":"O Grupo Amedia \u2013 peritos em contabilidade em Espanha, tem escrit\u00f3rios em jurisdi\u00e7\u00f5es fiscais de refer\u00eancia em todo o mundo.","robots":{"index":"index","follow":"follow","max-snippet":"max-snippet:-1","max-image-preview":"max-image-preview:large","max-video-preview":"max-video-preview:-1"},"canonical":"https:\/\/amedia-contables-espana.com\/pt-pt\/grupo-amedia-especialistas-contabeis-espanha\/","og_locale":"pt_PT","og_type":"article","og_title":"Firma de contabilidade em Espanha - Amedia-contadores-espanha","og_description":"O Grupo Amedia \u2013 peritos em contabilidade em Espanha, tem escrit\u00f3rios em jurisdi\u00e7\u00f5es fiscais de refer\u00eancia em todo o mundo.","og_url":"https:\/\/amedia-contables-espana.com\/pt-pt\/grupo-amedia-especialistas-contabeis-espanha\/","og_site_name":"Amedia contables espana","article_modified_time":"2018-09-28T06:36:54+00:00","twitter_card":"summary_large_image","schema":{"@context":"https:\/\/schema.org","@graph":[{"@type":"WebPage","@id":"https:\/\/amedia-contables-espana.com\/pt-pt\/grupo-amedia-especialistas-contabeis-espanha\/","url":"https:\/\/amedia-contables-espana.com\/pt-pt\/grupo-amedia-especialistas-contabeis-espanha\/","name":"Firma de contabilidade em Espanha - Amedia-contadores-espanha","isPartOf":{"@id":"https:\/\/amedia-contables-espana.com\/fr\/#website"},"datePublished":"2018-03-12T13:13:24+00:00","dateModified":"2018-09-28T06:36:54+00:00","description":"O Grupo Amedia \u2013 peritos em contabilidade em Espanha, tem escrit\u00f3rios em jurisdi\u00e7\u00f5es fiscais de refer\u00eancia em todo o mundo.","breadcrumb":{"@id":"https:\/\/amedia-contables-espana.com\/pt-pt\/grupo-amedia-especialistas-contabeis-espanha\/#breadcrumb"},"inLanguage":"pt-PT","potentialAction":[{"@type":"ReadAction","target":["https:\/\/amedia-contables-espana.com\/pt-pt\/grupo-amedia-especialistas-contabeis-espanha\/"]}]},{"@type":"BreadcrumbList","@id":"https:\/\/amedia-contables-espana.com\/pt-pt\/grupo-amedia-especialistas-contabeis-espanha\/#breadcrumb","itemListElement":[{"@type":"ListItem","position":1,"name":"Accueil","item":"https:\/\/amedia-contables-espana.com\/pt-pt\/"},{"@type":"ListItem","position":2,"name":"Sobre a nossa firma de contabilidade"}]},{"@type":"WebSite","@id":"https:\/\/amedia-contables-espana.com\/fr\/#website","url":"https:\/\/amedia-contables-espana.com\/fr\/","name":"Amedia contables espana","description":"","potentialAction":[{"@type":"SearchAction","target":{"@type":"EntryPoint","urlTemplate":"https:\/\/amedia-contables-espana.com\/fr\/?s={search_term_string}"},"query-input":{"@type":"PropertyValueSpecification","valueRequired":true,"valueName":"search_term_string"}}],"inLanguage":"pt-PT"}]}},"coauthors":[],"author_meta":{"author_link":"https:\/\/amedia-contables-espana.com\/pt-pt\/blog\/author\/admin-masonu\/","display_name":"Vitali"},"relative_dates":{"created":"Posted 8 anos ago","modified":"Updated 8 anos ago"},"absolute_dates":{"created":"Posted on 12 Mar\u00e7o 2018","modified":"Updated on 28 Setembro 2018"},"absolute_dates_time":{"created":"Posted on 12 Mar\u00e7o 2018 14 h 13 min","modified":"Updated on 28 Setembro 2018 8 h 36 min"},"featured_img_caption":"","featured_img":false,"series_order":"","_links":{"self":[{"href":"https:\/\/amedia-contables-espana.com\/pt-pt\/wp-json\/wp\/v2\/pages\/517","targetHints":{"allow":["GET"]}}],"collection":[{"href":"https:\/\/amedia-contables-espana.com\/pt-pt\/wp-json\/wp\/v2\/pages"}],"about":[{"href":"https:\/\/amedia-contables-espana.com\/pt-pt\/wp-json\/wp\/v2\/types\/page"}],"author":[{"embeddable":true,"href":"https:\/\/amedia-contables-espana.com\/pt-pt\/wp-json\/wp\/v2\/users\/3"}],"replies":[{"embeddable":true,"href":"https:\/\/amedia-contables-espana.com\/pt-pt\/wp-json\/wp\/v2\/comments?post=517"}],"version-history":[{"count":2,"href":"https:\/\/amedia-contables-espana.com\/pt-pt\/wp-json\/wp\/v2\/pages\/517\/revisions"}],"predecessor-version":[{"id":519,"href":"https:\/\/amedia-contables-espana.com\/pt-pt\/wp-json\/wp\/v2\/pages\/517\/revisions\/519"}],"wp:attachment":[{"href":"https:\/\/amedia-contables-espana.com\/pt-pt\/wp-json\/wp\/v2\/media?parent=517"}],"curies":[{"name":"wp","href":"https:\/\/api.w.org\/{rel}","templated":true}]}}

<!-- This site is optimized with the Yoast SEO plugin v28.2 - https://yoast.com/product/yoast-seo-wordpress/ -->
<title>Firma de contabilidade em Espanha - Amedia-contadores-espanha</title>
<meta name="description" content="O Grupo Amedia – peritos em contabilidade em Espanha, tem escritórios em jurisdições fiscais de referência em todo o mundo." />
<meta name="robots" content="index, follow, max-snippet:-1, max-image-preview:large, max-video-preview:-1" />
<link rel="canonical" href="https://amedia-contables-espana.com/pt-pt/grupo-amedia-especialistas-contabeis-espanha/" />
<meta property="og:locale" content="pt_PT" />
<meta property="og:type" content="article" />
<meta property="og:title" content="Firma de contabilidade em Espanha - Amedia-contadores-espanha" />
<meta property="og:description" content="O Grupo Amedia – peritos em contabilidade em Espanha, tem escritórios em jurisdições fiscais de referência em todo o mundo." />
<meta property="og:url" content="https://amedia-contables-espana.com/pt-pt/grupo-amedia-especialistas-contabeis-espanha/" />
<meta property="og:site_name" content="Amedia contables espana" />
<meta property="article:modified_time" content="2018-09-28T06:36:54+00:00" />
<meta name="twitter:card" content="summary_large_image" />
<script type="application/ld+json" class="yoast-schema-graph">{"@context":"https:\/\/schema.org","@graph":[{"@type":"WebPage","@id":"https:\/\/amedia-contables-espana.com\/pt-pt\/grupo-amedia-especialistas-contabeis-espanha\/","url":"https:\/\/amedia-contables-espana.com\/pt-pt\/grupo-amedia-especialistas-contabeis-espanha\/","name":"Firma de contabilidade em Espanha - Amedia-contadores-espanha","isPartOf":{"@id":"https:\/\/amedia-contables-espana.com\/fr\/#website"},"datePublished":"2018-03-12T13:13:24+00:00","dateModified":"2018-09-28T06:36:54+00:00","description":"O Grupo Amedia – peritos em contabilidade em Espanha, tem escritórios em jurisdições fiscais de referência em todo o mundo.","breadcrumb":{"@id":"https:\/\/amedia-contables-espana.com\/pt-pt\/grupo-amedia-especialistas-contabeis-espanha\/#breadcrumb"},"inLanguage":"pt-PT","potentialAction":[{"@type":"ReadAction","target":["https:\/\/amedia-contables-espana.com\/pt-pt\/grupo-amedia-especialistas-contabeis-espanha\/"]}]},{"@type":"BreadcrumbList","@id":"https:\/\/amedia-contables-espana.com\/pt-pt\/grupo-amedia-especialistas-contabeis-espanha\/#breadcrumb","itemListElement":[{"@type":"ListItem","position":1,"name":"Accueil","item":"https:\/\/amedia-contables-espana.com\/pt-pt\/"},{"@type":"ListItem","position":2,"name":"Sobre a nossa firma de contabilidade"}]},{"@type":"WebSite","@id":"https:\/\/amedia-contables-espana.com\/fr\/#website","url":"https:\/\/amedia-contables-espana.com\/fr\/","name":"Amedia contables espana","description":"","potentialAction":[{"@type":"SearchAction","target":{"@type":"EntryPoint","urlTemplate":"https:\/\/amedia-contables-espana.com\/fr\/?s={search_term_string}"},"query-input":{"@type":"PropertyValueSpecification","valueRequired":true,"valueName":"search_term_string"}}],"inLanguage":"pt-PT"}]}</script>
<!-- / Yoast SEO plugin. -->

O Grupo Amedia – peritos em contabilidade em Espanha, tem escritórios em jurisdições fiscais de referência em todo o mundo.

Posted on 12 Março 2018

Posted on 12 Março 2018 14 h 13 min
