{"id":514,"date":"2018-03-12T12:28:57","date_gmt":"2018-03-12T11:28:57","guid":{"rendered":"http:\/\/experts-comptables-espagne.com\/experts-comptables-espagne\/"},"modified":"2026-07-30T12:11:36","modified_gmt":"2026-07-30T10:11:36","slug":"criacao-empresa-espanha","status":"publish","type":"page","link":"https:\/\/amedia-contables-espana.com\/pt-pt\/","title":{"rendered":"Experts-Comptables-Espagne"},"content":{"rendered":"","protected":false},"excerpt":{"rendered":"","protected":false},"author":3,"featured_media":0,"parent":0,"menu_order":0,"comment_status":"closed","ping_status":"open","template":"templates\/home.php","meta":{"advgb_blocks_editor_width":"","advgb_blocks_columns_visual_guide":"","footnotes":""},"class_list":["post-514","page","type-page","status-publish","hentry"],"yoast_head":"<!-- This site is optimized with the Yoast SEO plugin v28.2 - https:\/\/yoast.com\/product\/yoast-seo-wordpress\/ -->\n<title>Cria\u00e7\u00e3o de empresa em Espanha | Amedia<\/title>\n<meta name=\"description\" content=\"Quer criar uma empresa em Espanha? Amedia acompanha todo o processo e assegura a gest\u00e3o contabil\u00edstica, fiscal e jur\u00eddica h\u00e1 mais de 25 anos.\" \/>\n<meta name=\"robots\" content=\"index, follow, max-snippet:-1, max-image-preview:large, max-video-preview:-1\" \/>\n<link rel=\"canonical\" href=\"https:\/\/amedia-contables-espana.com\/pt-pt\/\" \/>\n<meta property=\"og:locale\" content=\"pt_PT\" \/>\n<meta property=\"og:type\" content=\"article\" \/>\n<meta property=\"og:title\" content=\"Cria\u00e7\u00e3o de empresa em Espanha | Amedia\" \/>\n<meta property=\"og:description\" content=\"Quer criar uma empresa em Espanha? Amedia acompanha todo o processo e assegura a gest\u00e3o contabil\u00edstica, fiscal e jur\u00eddica h\u00e1 mais de 25 anos.\" \/>\n<meta property=\"og:url\" content=\"https:\/\/amedia-contables-espana.com\/pt-pt\/\" \/>\n<meta property=\"og:site_name\" content=\"Amedia contables espana\" \/>\n<meta property=\"article:modified_time\" content=\"2026-07-30T10:11:36+00:00\" \/>\n<meta name=\"twitter:card\" content=\"summary_large_image\" \/>\n<script type=\"application\/ld+json\" class=\"yoast-schema-graph\">{\"@context\":\"https:\\\/\\\/schema.org\",\"@graph\":[{\"@type\":\"WebPage\",\"@id\":\"https:\\\/\\\/amedia-contables-espana.com\\\/pt-pt\\\/\",\"url\":\"https:\\\/\\\/amedia-contables-espana.com\\\/pt-pt\\\/\",\"name\":\"Cria\u00e7\u00e3o de empresa em Espanha | Amedia\",\"isPartOf\":{\"@id\":\"https:\\\/\\\/amedia-contables-espana.com\\\/fr\\\/#website\"},\"datePublished\":\"2018-03-12T11:28:57+00:00\",\"dateModified\":\"2026-07-30T10:11:36+00:00\",\"description\":\"Quer criar uma empresa em Espanha? Amedia acompanha todo o processo e assegura a gest\u00e3o contabil\u00edstica, fiscal e jur\u00eddica h\u00e1 mais de 25 anos.\",\"breadcrumb\":{\"@id\":\"https:\\\/\\\/amedia-contables-espana.com\\\/pt-pt\\\/#breadcrumb\"},\"inLanguage\":\"pt-PT\",\"potentialAction\":[{\"@type\":\"ReadAction\",\"target\":[\"https:\\\/\\\/amedia-contables-espana.com\\\/pt-pt\\\/\"]}]},{\"@type\":\"BreadcrumbList\",\"@id\":\"https:\\\/\\\/amedia-contables-espana.com\\\/pt-pt\\\/#breadcrumb\",\"itemListElement\":[{\"@type\":\"ListItem\",\"position\":1,\"name\":\"Accueil\",\"item\":\"https:\\\/\\\/amedia-contables-espana.com\\\/pt-pt\\\/\"},{\"@type\":\"ListItem\",\"position\":2,\"name\":\"Experts-Comptables-Espagne\"}]},{\"@type\":\"WebSite\",\"@id\":\"https:\\\/\\\/amedia-contables-espana.com\\\/fr\\\/#website\",\"url\":\"https:\\\/\\\/amedia-contables-espana.com\\\/fr\\\/\",\"name\":\"Amedia contables espana\",\"description\":\"\",\"potentialAction\":[{\"@type\":\"SearchAction\",\"target\":{\"@type\":\"EntryPoint\",\"urlTemplate\":\"https:\\\/\\\/amedia-contables-espana.com\\\/fr\\\/?s={search_term_string}\"},\"query-input\":{\"@type\":\"PropertyValueSpecification\",\"valueRequired\":true,\"valueName\":\"search_term_string\"}}],\"inLanguage\":\"pt-PT\"}]}<\/script>\n<!-- \/ Yoast SEO plugin. -->","yoast_head_json":{"title":"Cria\u00e7\u00e3o de empresa em Espanha | Amedia","description":"Quer criar uma empresa em Espanha? Amedia acompanha todo o processo e assegura a gest\u00e3o contabil\u00edstica, fiscal e jur\u00eddica h\u00e1 mais de 25 anos.","robots":{"index":"index","follow":"follow","max-snippet":"max-snippet:-1","max-image-preview":"max-image-preview:large","max-video-preview":"max-video-preview:-1"},"canonical":"https:\/\/amedia-contables-espana.com\/pt-pt\/","og_locale":"pt_PT","og_type":"article","og_title":"Cria\u00e7\u00e3o de empresa em Espanha | Amedia","og_description":"Quer criar uma empresa em Espanha? Amedia acompanha todo o processo e assegura a gest\u00e3o contabil\u00edstica, fiscal e jur\u00eddica h\u00e1 mais de 25 anos.","og_url":"https:\/\/amedia-contables-espana.com\/pt-pt\/","og_site_name":"Amedia contables espana","article_modified_time":"2026-07-30T10:11:36+00:00","twitter_card":"summary_large_image","schema":{"@context":"https:\/\/schema.org","@graph":[{"@type":"WebPage","@id":"https:\/\/amedia-contables-espana.com\/pt-pt\/","url":"https:\/\/amedia-contables-espana.com\/pt-pt\/","name":"Cria\u00e7\u00e3o de empresa em Espanha | Amedia","isPartOf":{"@id":"https:\/\/amedia-contables-espana.com\/fr\/#website"},"datePublished":"2018-03-12T11:28:57+00:00","dateModified":"2026-07-30T10:11:36+00:00","description":"Quer criar uma empresa em Espanha? Amedia acompanha todo o processo e assegura a gest\u00e3o contabil\u00edstica, fiscal e jur\u00eddica h\u00e1 mais de 25 anos.","breadcrumb":{"@id":"https:\/\/amedia-contables-espana.com\/pt-pt\/#breadcrumb"},"inLanguage":"pt-PT","potentialAction":[{"@type":"ReadAction","target":["https:\/\/amedia-contables-espana.com\/pt-pt\/"]}]},{"@type":"BreadcrumbList","@id":"https:\/\/amedia-contables-espana.com\/pt-pt\/#breadcrumb","itemListElement":[{"@type":"ListItem","position":1,"name":"Accueil","item":"https:\/\/amedia-contables-espana.com\/pt-pt\/"},{"@type":"ListItem","position":2,"name":"Experts-Comptables-Espagne"}]},{"@type":"WebSite","@id":"https:\/\/amedia-contables-espana.com\/fr\/#website","url":"https:\/\/amedia-contables-espana.com\/fr\/","name":"Amedia contables espana","description":"","potentialAction":[{"@type":"SearchAction","target":{"@type":"EntryPoint","urlTemplate":"https:\/\/amedia-contables-espana.com\/fr\/?s={search_term_string}"},"query-input":{"@type":"PropertyValueSpecification","valueRequired":true,"valueName":"search_term_string"}}],"inLanguage":"pt-PT"}]}},"coauthors":[],"author_meta":{"author_link":"https:\/\/amedia-contables-espana.com\/pt-pt\/blog\/author\/admin-masonu\/","display_name":"Vitali"},"relative_dates":{"created":"Posted 8 anos ago","modified":"Updated 1 m\u00eas ago"},"absolute_dates":{"created":"Posted on 12 Mar\u00e7o 2018","modified":"Updated on 30 Julho 2026"},"absolute_dates_time":{"created":"Posted on 12 Mar\u00e7o 2018 12 h 28 min","modified":"Updated on 30 Julho 2026 12 h 11 min"},"featured_img_caption":"","featured_img":false,"series_order":"","_links":{"self":[{"href":"https:\/\/amedia-contables-espana.com\/pt-pt\/wp-json\/wp\/v2\/pages\/514","targetHints":{"allow":["GET"]}}],"collection":[{"href":"https:\/\/amedia-contables-espana.com\/pt-pt\/wp-json\/wp\/v2\/pages"}],"about":[{"href":"https:\/\/amedia-contables-espana.com\/pt-pt\/wp-json\/wp\/v2\/types\/page"}],"author":[{"embeddable":true,"href":"https:\/\/amedia-contables-espana.com\/pt-pt\/wp-json\/wp\/v2\/users\/3"}],"replies":[{"embeddable":true,"href":"https:\/\/amedia-contables-espana.com\/pt-pt\/wp-json\/wp\/v2\/comments?post=514"}],"version-history":[{"count":1,"href":"https:\/\/amedia-contables-espana.com\/pt-pt\/wp-json\/wp\/v2\/pages\/514\/revisions"}],"predecessor-version":[{"id":515,"href":"https:\/\/amedia-contables-espana.com\/pt-pt\/wp-json\/wp\/v2\/pages\/514\/revisions\/515"}],"wp:attachment":[{"href":"https:\/\/amedia-contables-espana.com\/pt-pt\/wp-json\/wp\/v2\/media?parent=514"}],"curies":[{"name":"wp","href":"https:\/\/api.w.org\/{rel}","templated":true}]}}

<!-- This site is optimized with the Yoast SEO plugin v28.2 - https://yoast.com/product/yoast-seo-wordpress/ -->
<title>Criação de empresa em Espanha | Amedia</title>
<meta name="description" content="Quer criar uma empresa em Espanha? Amedia acompanha todo o processo e assegura a gestão contabilística, fiscal e jurídica há mais de 25 anos." />
<meta name="robots" content="index, follow, max-snippet:-1, max-image-preview:large, max-video-preview:-1" />
<link rel="canonical" href="https://amedia-contables-espana.com/pt-pt/" />
<meta property="og:locale" content="pt_PT" />
<meta property="og:type" content="article" />
<meta property="og:title" content="Criação de empresa em Espanha | Amedia" />
<meta property="og:description" content="Quer criar uma empresa em Espanha? Amedia acompanha todo o processo e assegura a gestão contabilística, fiscal e jurídica há mais de 25 anos." />
<meta property="og:url" content="https://amedia-contables-espana.com/pt-pt/" />
<meta property="og:site_name" content="Amedia contables espana" />
<meta property="article:modified_time" content="2026-07-30T10:11:36+00:00" />
<meta name="twitter:card" content="summary_large_image" />
<script type="application/ld+json" class="yoast-schema-graph">{"@context":"https:\/\/schema.org","@graph":[{"@type":"WebPage","@id":"https:\/\/amedia-contables-espana.com\/pt-pt\/","url":"https:\/\/amedia-contables-espana.com\/pt-pt\/","name":"Criação de empresa em Espanha | Amedia","isPartOf":{"@id":"https:\/\/amedia-contables-espana.com\/fr\/#website"},"datePublished":"2018-03-12T11:28:57+00:00","dateModified":"2026-07-30T10:11:36+00:00","description":"Quer criar uma empresa em Espanha? Amedia acompanha todo o processo e assegura a gestão contabilística, fiscal e jurídica há mais de 25 anos.","breadcrumb":{"@id":"https:\/\/amedia-contables-espana.com\/pt-pt\/#breadcrumb"},"inLanguage":"pt-PT","potentialAction":[{"@type":"ReadAction","target":["https:\/\/amedia-contables-espana.com\/pt-pt\/"]}]},{"@type":"BreadcrumbList","@id":"https:\/\/amedia-contables-espana.com\/pt-pt\/#breadcrumb","itemListElement":[{"@type":"ListItem","position":1,"name":"Accueil","item":"https:\/\/amedia-contables-espana.com\/pt-pt\/"},{"@type":"ListItem","position":2,"name":"Experts-Comptables-Espagne"}]},{"@type":"WebSite","@id":"https:\/\/amedia-contables-espana.com\/fr\/#website","url":"https:\/\/amedia-contables-espana.com\/fr\/","name":"Amedia contables espana","description":"","potentialAction":[{"@type":"SearchAction","target":{"@type":"EntryPoint","urlTemplate":"https:\/\/amedia-contables-espana.com\/fr\/?s={search_term_string}"},"query-input":{"@type":"PropertyValueSpecification","valueRequired":true,"valueName":"search_term_string"}}],"inLanguage":"pt-PT"}]}</script>
<!-- / Yoast SEO plugin. -->

Criação de empresa em Espanha | Amedia

Quer criar uma empresa em Espanha? Amedia acompanha todo o processo e assegura a gestão contabilística, fiscal e jurídica há mais de 25 anos.

Updated 1 mês ago

Posted on 12 Março 2018

Posted on 12 Março 2018 12 h 28 min
