{"id":2,"date":"2018-03-12T12:28:57","date_gmt":"2018-03-12T11:28:57","guid":{"rendered":"http:\/\/experts-comptables-espagne.com\/?page_id=2"},"modified":"2026-08-06T11:08:30","modified_gmt":"2026-08-06T09:08:30","slug":"amedia-contables-espana-com-fr","status":"publish","type":"page","link":"https:\/\/amedia-contables-espana.com\/fr\/","title":{"rendered":"Experts-Comptables-Espagne"},"content":{"rendered":"","protected":false},"excerpt":{"rendered":"","protected":false},"author":3,"featured_media":0,"parent":0,"menu_order":0,"comment_status":"closed","ping_status":"open","template":"templates\/home.php","meta":{"advgb_blocks_editor_width":"","advgb_blocks_columns_visual_guide":"","footnotes":""},"class_list":["post-2","page","type-page","status-publish","hentry"],"yoast_head":"<!-- This site is optimized with the Yoast SEO plugin v28.2 - https:\/\/yoast.com\/product\/yoast-seo-wordpress\/ -->\n<title>Cr\u00e9ation d\u2019entreprise, comptabilit\u00e9 et fiscalit\u00e9 en Espagne | Amedia<\/title>\n<meta name=\"description\" content=\"Vous souhaitez ouvrir une soci\u00e9t\u00e9 en Espagne ? Amedia vous accompagne dans sa cr\u00e9ation et assure votre suivi comptable, fiscal et juridique.\" \/>\n<meta name=\"robots\" content=\"index, follow, max-snippet:-1, max-image-preview:large, max-video-preview:-1\" \/>\n<link rel=\"canonical\" href=\"https:\/\/amedia-contables-espana.com\/fr\/\" \/>\n<meta property=\"og:locale\" content=\"fr_FR\" \/>\n<meta property=\"og:type\" content=\"article\" \/>\n<meta property=\"og:title\" content=\"Cr\u00e9ation d\u2019entreprise, comptabilit\u00e9 et fiscalit\u00e9 en Espagne | Amedia\" \/>\n<meta property=\"og:description\" content=\"Vous souhaitez ouvrir une soci\u00e9t\u00e9 en Espagne ? Amedia vous accompagne dans sa cr\u00e9ation et assure votre suivi comptable, fiscal et juridique.\" \/>\n<meta property=\"og:url\" content=\"https:\/\/amedia-contables-espana.com\/fr\/\" \/>\n<meta property=\"og:site_name\" content=\"Amedia contables espana\" \/>\n<meta property=\"article:modified_time\" content=\"2026-08-06T09:08:30+00:00\" \/>\n<meta name=\"twitter:card\" content=\"summary_large_image\" \/>\n<script type=\"application\/ld+json\" class=\"yoast-schema-graph\">{\"@context\":\"https:\\\/\\\/schema.org\",\"@graph\":[{\"@type\":\"WebPage\",\"@id\":\"https:\\\/\\\/amedia-contables-espana.com\\\/fr\\\/\",\"url\":\"https:\\\/\\\/amedia-contables-espana.com\\\/fr\\\/\",\"name\":\"Cr\u00e9ation d\u2019entreprise, comptabilit\u00e9 et fiscalit\u00e9 en Espagne | Amedia\",\"isPartOf\":{\"@id\":\"https:\\\/\\\/amedia-contables-espana.com\\\/fr\\\/#website\"},\"datePublished\":\"2018-03-12T11:28:57+00:00\",\"dateModified\":\"2026-08-06T09:08:30+00:00\",\"description\":\"Vous souhaitez ouvrir une soci\u00e9t\u00e9 en Espagne ? Amedia vous accompagne dans sa cr\u00e9ation et assure votre suivi comptable, fiscal et juridique.\",\"breadcrumb\":{\"@id\":\"https:\\\/\\\/amedia-contables-espana.com\\\/fr\\\/#breadcrumb\"},\"inLanguage\":\"fr-FR\",\"potentialAction\":[{\"@type\":\"ReadAction\",\"target\":[\"https:\\\/\\\/amedia-contables-espana.com\\\/fr\\\/\"]}]},{\"@type\":\"BreadcrumbList\",\"@id\":\"https:\\\/\\\/amedia-contables-espana.com\\\/fr\\\/#breadcrumb\",\"itemListElement\":[{\"@type\":\"ListItem\",\"position\":1,\"name\":\"Accueil\",\"item\":\"https:\\\/\\\/amedia-contables-espana.com\\\/fr\\\/\"},{\"@type\":\"ListItem\",\"position\":2,\"name\":\"Experts-Comptables-Espagne\"}]},{\"@type\":\"WebSite\",\"@id\":\"https:\\\/\\\/amedia-contables-espana.com\\\/fr\\\/#website\",\"url\":\"https:\\\/\\\/amedia-contables-espana.com\\\/fr\\\/\",\"name\":\"Amedia contables espana\",\"description\":\"\",\"potentialAction\":[{\"@type\":\"SearchAction\",\"target\":{\"@type\":\"EntryPoint\",\"urlTemplate\":\"https:\\\/\\\/amedia-contables-espana.com\\\/fr\\\/?s={search_term_string}\"},\"query-input\":{\"@type\":\"PropertyValueSpecification\",\"valueRequired\":true,\"valueName\":\"search_term_string\"}}],\"inLanguage\":\"fr-FR\"}]}<\/script>\n<!-- \/ Yoast SEO plugin. -->","yoast_head_json":{"title":"Cr\u00e9ation d\u2019entreprise, comptabilit\u00e9 et fiscalit\u00e9 en Espagne | Amedia","description":"Vous souhaitez ouvrir une soci\u00e9t\u00e9 en Espagne ? Amedia vous accompagne dans sa cr\u00e9ation et assure votre suivi comptable, fiscal et juridique.","robots":{"index":"index","follow":"follow","max-snippet":"max-snippet:-1","max-image-preview":"max-image-preview:large","max-video-preview":"max-video-preview:-1"},"canonical":"https:\/\/amedia-contables-espana.com\/fr\/","og_locale":"fr_FR","og_type":"article","og_title":"Cr\u00e9ation d\u2019entreprise, comptabilit\u00e9 et fiscalit\u00e9 en Espagne | Amedia","og_description":"Vous souhaitez ouvrir une soci\u00e9t\u00e9 en Espagne ? Amedia vous accompagne dans sa cr\u00e9ation et assure votre suivi comptable, fiscal et juridique.","og_url":"https:\/\/amedia-contables-espana.com\/fr\/","og_site_name":"Amedia contables espana","article_modified_time":"2026-08-06T09:08:30+00:00","twitter_card":"summary_large_image","schema":{"@context":"https:\/\/schema.org","@graph":[{"@type":"WebPage","@id":"https:\/\/amedia-contables-espana.com\/fr\/","url":"https:\/\/amedia-contables-espana.com\/fr\/","name":"Cr\u00e9ation d\u2019entreprise, comptabilit\u00e9 et fiscalit\u00e9 en Espagne | Amedia","isPartOf":{"@id":"https:\/\/amedia-contables-espana.com\/fr\/#website"},"datePublished":"2018-03-12T11:28:57+00:00","dateModified":"2026-08-06T09:08:30+00:00","description":"Vous souhaitez ouvrir une soci\u00e9t\u00e9 en Espagne ? Amedia vous accompagne dans sa cr\u00e9ation et assure votre suivi comptable, fiscal et juridique.","breadcrumb":{"@id":"https:\/\/amedia-contables-espana.com\/fr\/#breadcrumb"},"inLanguage":"fr-FR","potentialAction":[{"@type":"ReadAction","target":["https:\/\/amedia-contables-espana.com\/fr\/"]}]},{"@type":"BreadcrumbList","@id":"https:\/\/amedia-contables-espana.com\/fr\/#breadcrumb","itemListElement":[{"@type":"ListItem","position":1,"name":"Accueil","item":"https:\/\/amedia-contables-espana.com\/fr\/"},{"@type":"ListItem","position":2,"name":"Experts-Comptables-Espagne"}]},{"@type":"WebSite","@id":"https:\/\/amedia-contables-espana.com\/fr\/#website","url":"https:\/\/amedia-contables-espana.com\/fr\/","name":"Amedia contables espana","description":"","potentialAction":[{"@type":"SearchAction","target":{"@type":"EntryPoint","urlTemplate":"https:\/\/amedia-contables-espana.com\/fr\/?s={search_term_string}"},"query-input":{"@type":"PropertyValueSpecification","valueRequired":true,"valueName":"search_term_string"}}],"inLanguage":"fr-FR"}]}},"coauthors":[],"author_meta":{"author_link":"https:\/\/amedia-contables-espana.com\/fr\/blog\/author\/admin-masonu\/","display_name":"Vitali"},"relative_dates":{"created":"Publi\u00e9 8 ans il y a","modified":"Mis \u00e0 jour 4 semaines il y a"},"absolute_dates":{"created":"Publi\u00e9 le 12 Mars 2018","modified":"Mise \u00e0 jour le 6 Ao\u00fbt 2026"},"absolute_dates_time":{"created":"Publi\u00e9 le 12 Mars 2018 12 h 28 min","modified":"Mise \u00e0 jour le 6 Ao\u00fbt 2026 11 h 08 min"},"featured_img_caption":"","featured_img":false,"series_order":"","_links":{"self":[{"href":"https:\/\/amedia-contables-espana.com\/fr\/wp-json\/wp\/v2\/pages\/2","targetHints":{"allow":["GET"]}}],"collection":[{"href":"https:\/\/amedia-contables-espana.com\/fr\/wp-json\/wp\/v2\/pages"}],"about":[{"href":"https:\/\/amedia-contables-espana.com\/fr\/wp-json\/wp\/v2\/types\/page"}],"author":[{"embeddable":true,"href":"https:\/\/amedia-contables-espana.com\/fr\/wp-json\/wp\/v2\/users\/3"}],"replies":[{"embeddable":true,"href":"https:\/\/amedia-contables-espana.com\/fr\/wp-json\/wp\/v2\/comments?post=2"}],"version-history":[{"count":2,"href":"https:\/\/amedia-contables-espana.com\/fr\/wp-json\/wp\/v2\/pages\/2\/revisions"}],"predecessor-version":[{"id":315,"href":"https:\/\/amedia-contables-espana.com\/fr\/wp-json\/wp\/v2\/pages\/2\/revisions\/315"}],"wp:attachment":[{"href":"https:\/\/amedia-contables-espana.com\/fr\/wp-json\/wp\/v2\/media?parent=2"}],"curies":[{"name":"wp","href":"https:\/\/api.w.org\/{rel}","templated":true}]}}

<!-- This site is optimized with the Yoast SEO plugin v28.2 - https://yoast.com/product/yoast-seo-wordpress/ -->
<title>Création d’entreprise, comptabilité et fiscalité en Espagne | Amedia</title>
<meta name="description" content="Vous souhaitez ouvrir une société en Espagne ? Amedia vous accompagne dans sa création et assure votre suivi comptable, fiscal et juridique." />
<meta name="robots" content="index, follow, max-snippet:-1, max-image-preview:large, max-video-preview:-1" />
<link rel="canonical" href="https://amedia-contables-espana.com/fr/" />
<meta property="og:locale" content="fr_FR" />
<meta property="og:type" content="article" />
<meta property="og:title" content="Création d’entreprise, comptabilité et fiscalité en Espagne | Amedia" />
<meta property="og:description" content="Vous souhaitez ouvrir une société en Espagne ? Amedia vous accompagne dans sa création et assure votre suivi comptable, fiscal et juridique." />
<meta property="og:url" content="https://amedia-contables-espana.com/fr/" />
<meta property="og:site_name" content="Amedia contables espana" />
<meta property="article:modified_time" content="2026-08-06T09:08:30+00:00" />
<meta name="twitter:card" content="summary_large_image" />
<script type="application/ld+json" class="yoast-schema-graph">{"@context":"https:\/\/schema.org","@graph":[{"@type":"WebPage","@id":"https:\/\/amedia-contables-espana.com\/fr\/","url":"https:\/\/amedia-contables-espana.com\/fr\/","name":"Création d’entreprise, comptabilité et fiscalité en Espagne | Amedia","isPartOf":{"@id":"https:\/\/amedia-contables-espana.com\/fr\/#website"},"datePublished":"2018-03-12T11:28:57+00:00","dateModified":"2026-08-06T09:08:30+00:00","description":"Vous souhaitez ouvrir une société en Espagne ? Amedia vous accompagne dans sa création et assure votre suivi comptable, fiscal et juridique.","breadcrumb":{"@id":"https:\/\/amedia-contables-espana.com\/fr\/#breadcrumb"},"inLanguage":"fr-FR","potentialAction":[{"@type":"ReadAction","target":["https:\/\/amedia-contables-espana.com\/fr\/"]}]},{"@type":"BreadcrumbList","@id":"https:\/\/amedia-contables-espana.com\/fr\/#breadcrumb","itemListElement":[{"@type":"ListItem","position":1,"name":"Accueil","item":"https:\/\/amedia-contables-espana.com\/fr\/"},{"@type":"ListItem","position":2,"name":"Experts-Comptables-Espagne"}]},{"@type":"WebSite","@id":"https:\/\/amedia-contables-espana.com\/fr\/#website","url":"https:\/\/amedia-contables-espana.com\/fr\/","name":"Amedia contables espana","description":"","potentialAction":[{"@type":"SearchAction","target":{"@type":"EntryPoint","urlTemplate":"https:\/\/amedia-contables-espana.com\/fr\/?s={search_term_string}"},"query-input":{"@type":"PropertyValueSpecification","valueRequired":true,"valueName":"search_term_string"}}],"inLanguage":"fr-FR"}]}</script>
<!-- / Yoast SEO plugin. -->

Création d’entreprise, comptabilité et fiscalité en Espagne | Amedia

Vous souhaitez ouvrir une société en Espagne ? Amedia vous accompagne dans sa création et assure votre suivi comptable, fiscal et juridique.

Publié 8 ans il y a

Mis à jour 4 semaines il y a

Publié le 12 Mars 2018

Mise à jour le 6 Août 2026

Publié le 12 Mars 2018 12 h 28 min

Mise à jour le 6 Août 2026 11 h 08 min
