{"id":166,"date":"2018-05-11T13:00:56","date_gmt":"2018-05-11T11:00:56","guid":{"rendered":"http:\/\/experts-comptables-espagne.com\/?page_id=166"},"modified":"2018-06-14T12:18:41","modified_gmt":"2018-06-14T10:18:41","slug":"loi-beckham","status":"publish","type":"page","link":"https:\/\/amedia-contables-espana.com\/fr\/loi-beckham\/","title":{"rendered":"R\u00e9gime des impatri\u00e9s dit \u00ab Beckham \u00bb"},"content":{"rendered":"","protected":false},"excerpt":{"rendered":"","protected":false},"author":3,"featured_media":0,"parent":0,"menu_order":0,"comment_status":"closed","ping_status":"closed","template":"templates\/custom-Page.php","meta":{"advgb_blocks_editor_width":"","advgb_blocks_columns_visual_guide":"","footnotes":""},"class_list":["post-166","page","type-page","status-publish","hentry"],"yoast_head":"<!-- This site is optimized with the Yoast SEO plugin v28.2 - https:\/\/yoast.com\/product\/yoast-seo-wordpress\/ -->\n<title>R\u00e9gime des impatri\u00e9s dit \u00ab Beckham \u00bb - Amedia contables espana<\/title>\n<meta name=\"description\" content=\"nous aidons les nouveaux r\u00e9sidents espagnols a profiter de cette importante r\u00e9duction fiscale. Cliquez pour en savoir plus.\" \/>\n<meta name=\"robots\" content=\"index, follow, max-snippet:-1, max-image-preview:large, max-video-preview:-1\" \/>\n<link rel=\"canonical\" href=\"https:\/\/amedia-contables-espana.com\/fr\/loi-beckham\/\" \/>\n<meta property=\"og:locale\" content=\"fr_FR\" \/>\n<meta property=\"og:type\" content=\"article\" \/>\n<meta property=\"og:title\" content=\"R\u00e9gime des impatri\u00e9s dit \u00ab Beckham \u00bb - Amedia contables espana\" \/>\n<meta property=\"og:description\" content=\"nous aidons les nouveaux r\u00e9sidents espagnols a profiter de cette importante r\u00e9duction fiscale. Cliquez pour en savoir plus.\" \/>\n<meta property=\"og:url\" content=\"https:\/\/amedia-contables-espana.com\/fr\/loi-beckham\/\" \/>\n<meta property=\"og:site_name\" content=\"Amedia contables espana\" \/>\n<meta property=\"article:modified_time\" content=\"2018-06-14T10:18:41+00:00\" \/>\n<meta name=\"twitter:card\" content=\"summary_large_image\" \/>\n<script type=\"application\/ld+json\" class=\"yoast-schema-graph\">{\"@context\":\"https:\\\/\\\/schema.org\",\"@graph\":[{\"@type\":\"WebPage\",\"@id\":\"https:\\\/\\\/amedia-contables-espana.com\\\/fr\\\/loi-beckham\\\/\",\"url\":\"https:\\\/\\\/amedia-contables-espana.com\\\/fr\\\/loi-beckham\\\/\",\"name\":\"R\u00e9gime des impatri\u00e9s dit \u00ab Beckham \u00bb - Amedia contables espana\",\"isPartOf\":{\"@id\":\"https:\\\/\\\/amedia-contables-espana.com\\\/fr\\\/#website\"},\"datePublished\":\"2018-05-11T11:00:56+00:00\",\"dateModified\":\"2018-06-14T10:18:41+00:00\",\"description\":\"nous aidons les nouveaux r\u00e9sidents espagnols a profiter de cette importante r\u00e9duction fiscale. Cliquez pour en savoir plus.\",\"breadcrumb\":{\"@id\":\"https:\\\/\\\/amedia-contables-espana.com\\\/fr\\\/loi-beckham\\\/#breadcrumb\"},\"inLanguage\":\"fr-FR\",\"potentialAction\":[{\"@type\":\"ReadAction\",\"target\":[\"https:\\\/\\\/amedia-contables-espana.com\\\/fr\\\/loi-beckham\\\/\"]}]},{\"@type\":\"BreadcrumbList\",\"@id\":\"https:\\\/\\\/amedia-contables-espana.com\\\/fr\\\/loi-beckham\\\/#breadcrumb\",\"itemListElement\":[{\"@type\":\"ListItem\",\"position\":1,\"name\":\"Accueil\",\"item\":\"https:\\\/\\\/amedia-contables-espana.com\\\/fr\\\/\"},{\"@type\":\"ListItem\",\"position\":2,\"name\":\"R\u00e9gime des impatri\u00e9s dit \u00ab Beckham \u00bb\"}]},{\"@type\":\"WebSite\",\"@id\":\"https:\\\/\\\/amedia-contables-espana.com\\\/fr\\\/#website\",\"url\":\"https:\\\/\\\/amedia-contables-espana.com\\\/fr\\\/\",\"name\":\"Amedia contables espana\",\"description\":\"\",\"potentialAction\":[{\"@type\":\"SearchAction\",\"target\":{\"@type\":\"EntryPoint\",\"urlTemplate\":\"https:\\\/\\\/amedia-contables-espana.com\\\/fr\\\/?s={search_term_string}\"},\"query-input\":{\"@type\":\"PropertyValueSpecification\",\"valueRequired\":true,\"valueName\":\"search_term_string\"}}],\"inLanguage\":\"fr-FR\"}]}<\/script>\n<!-- \/ Yoast SEO plugin. -->","yoast_head_json":{"title":"R\u00e9gime des impatri\u00e9s dit \u00ab Beckham \u00bb - Amedia contables espana","description":"nous aidons les nouveaux r\u00e9sidents espagnols a profiter de cette importante r\u00e9duction fiscale. Cliquez pour en savoir plus.","robots":{"index":"index","follow":"follow","max-snippet":"max-snippet:-1","max-image-preview":"max-image-preview:large","max-video-preview":"max-video-preview:-1"},"canonical":"https:\/\/amedia-contables-espana.com\/fr\/loi-beckham\/","og_locale":"fr_FR","og_type":"article","og_title":"R\u00e9gime des impatri\u00e9s dit \u00ab Beckham \u00bb - Amedia contables espana","og_description":"nous aidons les nouveaux r\u00e9sidents espagnols a profiter de cette importante r\u00e9duction fiscale. Cliquez pour en savoir plus.","og_url":"https:\/\/amedia-contables-espana.com\/fr\/loi-beckham\/","og_site_name":"Amedia contables espana","article_modified_time":"2018-06-14T10:18:41+00:00","twitter_card":"summary_large_image","schema":{"@context":"https:\/\/schema.org","@graph":[{"@type":"WebPage","@id":"https:\/\/amedia-contables-espana.com\/fr\/loi-beckham\/","url":"https:\/\/amedia-contables-espana.com\/fr\/loi-beckham\/","name":"R\u00e9gime des impatri\u00e9s dit \u00ab Beckham \u00bb - Amedia contables espana","isPartOf":{"@id":"https:\/\/amedia-contables-espana.com\/fr\/#website"},"datePublished":"2018-05-11T11:00:56+00:00","dateModified":"2018-06-14T10:18:41+00:00","description":"nous aidons les nouveaux r\u00e9sidents espagnols a profiter de cette importante r\u00e9duction fiscale. Cliquez pour en savoir plus.","breadcrumb":{"@id":"https:\/\/amedia-contables-espana.com\/fr\/loi-beckham\/#breadcrumb"},"inLanguage":"fr-FR","potentialAction":[{"@type":"ReadAction","target":["https:\/\/amedia-contables-espana.com\/fr\/loi-beckham\/"]}]},{"@type":"BreadcrumbList","@id":"https:\/\/amedia-contables-espana.com\/fr\/loi-beckham\/#breadcrumb","itemListElement":[{"@type":"ListItem","position":1,"name":"Accueil","item":"https:\/\/amedia-contables-espana.com\/fr\/"},{"@type":"ListItem","position":2,"name":"R\u00e9gime des impatri\u00e9s dit \u00ab Beckham \u00bb"}]},{"@type":"WebSite","@id":"https:\/\/amedia-contables-espana.com\/fr\/#website","url":"https:\/\/amedia-contables-espana.com\/fr\/","name":"Amedia contables espana","description":"","potentialAction":[{"@type":"SearchAction","target":{"@type":"EntryPoint","urlTemplate":"https:\/\/amedia-contables-espana.com\/fr\/?s={search_term_string}"},"query-input":{"@type":"PropertyValueSpecification","valueRequired":true,"valueName":"search_term_string"}}],"inLanguage":"fr-FR"}]}},"coauthors":[],"author_meta":{"author_link":"https:\/\/amedia-contables-espana.com\/fr\/blog\/author\/admin-masonu\/","display_name":"Vitali"},"relative_dates":{"created":"Publi\u00e9 8 ans il y a","modified":"Mis \u00e0 jour 8 ans il y a"},"absolute_dates":{"created":"Publi\u00e9 le 11 Mai 2018","modified":"Mise \u00e0 jour le 14 Juin 2018"},"absolute_dates_time":{"created":"Publi\u00e9 le 11 Mai 2018 13 h 00 min","modified":"Mise \u00e0 jour le 14 Juin 2018 12 h 18 min"},"featured_img_caption":"","featured_img":false,"series_order":"","_links":{"self":[{"href":"https:\/\/amedia-contables-espana.com\/fr\/wp-json\/wp\/v2\/pages\/166","targetHints":{"allow":["GET"]}}],"collection":[{"href":"https:\/\/amedia-contables-espana.com\/fr\/wp-json\/wp\/v2\/pages"}],"about":[{"href":"https:\/\/amedia-contables-espana.com\/fr\/wp-json\/wp\/v2\/types\/page"}],"author":[{"embeddable":true,"href":"https:\/\/amedia-contables-espana.com\/fr\/wp-json\/wp\/v2\/users\/3"}],"replies":[{"embeddable":true,"href":"https:\/\/amedia-contables-espana.com\/fr\/wp-json\/wp\/v2\/comments?post=166"}],"version-history":[{"count":14,"href":"https:\/\/amedia-contables-espana.com\/fr\/wp-json\/wp\/v2\/pages\/166\/revisions"}],"predecessor-version":[{"id":181,"href":"https:\/\/amedia-contables-espana.com\/fr\/wp-json\/wp\/v2\/pages\/166\/revisions\/181"}],"wp:attachment":[{"href":"https:\/\/amedia-contables-espana.com\/fr\/wp-json\/wp\/v2\/media?parent=166"}],"curies":[{"name":"wp","href":"https:\/\/api.w.org\/{rel}","templated":true}]}}

Régime des impatriés dit « Beckham »

<!-- This site is optimized with the Yoast SEO plugin v28.2 - https://yoast.com/product/yoast-seo-wordpress/ -->
<title>Régime des impatriés dit « Beckham » - Amedia contables espana</title>
<meta name="description" content="nous aidons les nouveaux résidents espagnols a profiter de cette importante réduction fiscale. Cliquez pour en savoir plus." />
<meta name="robots" content="index, follow, max-snippet:-1, max-image-preview:large, max-video-preview:-1" />
<link rel="canonical" href="https://amedia-contables-espana.com/fr/loi-beckham/" />
<meta property="og:locale" content="fr_FR" />
<meta property="og:type" content="article" />
<meta property="og:title" content="Régime des impatriés dit « Beckham » - Amedia contables espana" />
<meta property="og:description" content="nous aidons les nouveaux résidents espagnols a profiter de cette importante réduction fiscale. Cliquez pour en savoir plus." />
<meta property="og:url" content="https://amedia-contables-espana.com/fr/loi-beckham/" />
<meta property="og:site_name" content="Amedia contables espana" />
<meta property="article:modified_time" content="2018-06-14T10:18:41+00:00" />
<meta name="twitter:card" content="summary_large_image" />
<script type="application/ld+json" class="yoast-schema-graph">{"@context":"https:\/\/schema.org","@graph":[{"@type":"WebPage","@id":"https:\/\/amedia-contables-espana.com\/fr\/loi-beckham\/","url":"https:\/\/amedia-contables-espana.com\/fr\/loi-beckham\/","name":"Régime des impatriés dit « Beckham » - Amedia contables espana","isPartOf":{"@id":"https:\/\/amedia-contables-espana.com\/fr\/#website"},"datePublished":"2018-05-11T11:00:56+00:00","dateModified":"2018-06-14T10:18:41+00:00","description":"nous aidons les nouveaux résidents espagnols a profiter de cette importante réduction fiscale. Cliquez pour en savoir plus.","breadcrumb":{"@id":"https:\/\/amedia-contables-espana.com\/fr\/loi-beckham\/#breadcrumb"},"inLanguage":"fr-FR","potentialAction":[{"@type":"ReadAction","target":["https:\/\/amedia-contables-espana.com\/fr\/loi-beckham\/"]}]},{"@type":"BreadcrumbList","@id":"https:\/\/amedia-contables-espana.com\/fr\/loi-beckham\/#breadcrumb","itemListElement":[{"@type":"ListItem","position":1,"name":"Accueil","item":"https:\/\/amedia-contables-espana.com\/fr\/"},{"@type":"ListItem","position":2,"name":"Régime des impatriés dit « Beckham »"}]},{"@type":"WebSite","@id":"https:\/\/amedia-contables-espana.com\/fr\/#website","url":"https:\/\/amedia-contables-espana.com\/fr\/","name":"Amedia contables espana","description":"","potentialAction":[{"@type":"SearchAction","target":{"@type":"EntryPoint","urlTemplate":"https:\/\/amedia-contables-espana.com\/fr\/?s={search_term_string}"},"query-input":{"@type":"PropertyValueSpecification","valueRequired":true,"valueName":"search_term_string"}}],"inLanguage":"fr-FR"}]}</script>
<!-- / Yoast SEO plugin. -->

Régime des impatriés dit « Beckham » - Amedia contables espana

nous aidons les nouveaux résidents espagnols a profiter de cette importante réduction fiscale. Cliquez pour en savoir plus.

Publié 8 ans il y a

Mis à jour 8 ans il y a

Publié le 11 Mai 2018

Mise à jour le 14 Juin 2018

Publié le 11 Mai 2018 13 h 00 min

Mise à jour le 14 Juin 2018 12 h 18 min
