{"id":146,"date":"2018-05-10T14:38:36","date_gmt":"2018-05-10T12:38:36","guid":{"rendered":"http:\/\/experts-comptables-espagne.com\/?page_id=146"},"modified":"2018-07-10T12:35:36","modified_gmt":"2018-07-10T10:35:36","slug":"modele720","status":"publish","type":"page","link":"https:\/\/amedia-contables-espana.com\/fr\/modele720\/","title":{"rendered":"Mod\u00e8le 720 \u2013 Obligation de d\u00e9claration"},"content":{"rendered":"","protected":false},"excerpt":{"rendered":"","protected":false},"author":3,"featured_media":0,"parent":0,"menu_order":0,"comment_status":"closed","ping_status":"closed","template":"templates\/custom-Page.php","meta":{"advgb_blocks_editor_width":"","advgb_blocks_columns_visual_guide":"","footnotes":""},"class_list":["post-146","page","type-page","status-publish","hentry"],"yoast_head":"<!-- This site is optimized with the Yoast SEO plugin v28.2 - https:\/\/yoast.com\/product\/yoast-seo-wordpress\/ -->\n<title>Mod\u00e8le 720 \u2013 Obligation de d\u00e9claration - Amedia contables espana<\/title>\n<meta name=\"description\" content=\"Vous \u00eates r\u00e9sident fiscal en Espagne? Vous disposez de biens de plus de 50.000\u20ac en dehors de l\u2019Espagne? Le Mod\u00e8le 720 vous concerne.\" \/>\n<meta name=\"robots\" content=\"index, follow, max-snippet:-1, max-image-preview:large, max-video-preview:-1\" \/>\n<link rel=\"canonical\" href=\"https:\/\/amedia-contables-espana.com\/fr\/modele720\/\" \/>\n<meta property=\"og:locale\" content=\"fr_FR\" \/>\n<meta property=\"og:type\" content=\"article\" \/>\n<meta property=\"og:title\" content=\"Mod\u00e8le 720 \u2013 Obligation de d\u00e9claration - Amedia contables espana\" \/>\n<meta property=\"og:description\" content=\"Vous \u00eates r\u00e9sident fiscal en Espagne? Vous disposez de biens de plus de 50.000\u20ac en dehors de l\u2019Espagne? Le Mod\u00e8le 720 vous concerne.\" \/>\n<meta property=\"og:url\" content=\"https:\/\/amedia-contables-espana.com\/fr\/modele720\/\" \/>\n<meta property=\"og:site_name\" content=\"Amedia contables espana\" \/>\n<meta property=\"article:modified_time\" content=\"2018-07-10T10:35:36+00:00\" \/>\n<meta name=\"twitter:card\" content=\"summary_large_image\" \/>\n<script type=\"application\/ld+json\" class=\"yoast-schema-graph\">{\"@context\":\"https:\\\/\\\/schema.org\",\"@graph\":[{\"@type\":\"WebPage\",\"@id\":\"https:\\\/\\\/amedia-contables-espana.com\\\/fr\\\/modele720\\\/\",\"url\":\"https:\\\/\\\/amedia-contables-espana.com\\\/fr\\\/modele720\\\/\",\"name\":\"Mod\u00e8le 720 \u2013 Obligation de d\u00e9claration - Amedia contables espana\",\"isPartOf\":{\"@id\":\"https:\\\/\\\/amedia-contables-espana.com\\\/fr\\\/#website\"},\"datePublished\":\"2018-05-10T12:38:36+00:00\",\"dateModified\":\"2018-07-10T10:35:36+00:00\",\"description\":\"Vous \u00eates r\u00e9sident fiscal en Espagne? Vous disposez de biens de plus de 50.000\u20ac en dehors de l\u2019Espagne? Le Mod\u00e8le 720 vous concerne.\",\"breadcrumb\":{\"@id\":\"https:\\\/\\\/amedia-contables-espana.com\\\/fr\\\/modele720\\\/#breadcrumb\"},\"inLanguage\":\"fr-FR\",\"potentialAction\":[{\"@type\":\"ReadAction\",\"target\":[\"https:\\\/\\\/amedia-contables-espana.com\\\/fr\\\/modele720\\\/\"]}]},{\"@type\":\"BreadcrumbList\",\"@id\":\"https:\\\/\\\/amedia-contables-espana.com\\\/fr\\\/modele720\\\/#breadcrumb\",\"itemListElement\":[{\"@type\":\"ListItem\",\"position\":1,\"name\":\"Accueil\",\"item\":\"https:\\\/\\\/amedia-contables-espana.com\\\/fr\\\/\"},{\"@type\":\"ListItem\",\"position\":2,\"name\":\"Mod\u00e8le 720 \u2013 Obligation de d\u00e9claration\"}]},{\"@type\":\"WebSite\",\"@id\":\"https:\\\/\\\/amedia-contables-espana.com\\\/fr\\\/#website\",\"url\":\"https:\\\/\\\/amedia-contables-espana.com\\\/fr\\\/\",\"name\":\"Amedia contables espana\",\"description\":\"\",\"potentialAction\":[{\"@type\":\"SearchAction\",\"target\":{\"@type\":\"EntryPoint\",\"urlTemplate\":\"https:\\\/\\\/amedia-contables-espana.com\\\/fr\\\/?s={search_term_string}\"},\"query-input\":{\"@type\":\"PropertyValueSpecification\",\"valueRequired\":true,\"valueName\":\"search_term_string\"}}],\"inLanguage\":\"fr-FR\"}]}<\/script>\n<!-- \/ Yoast SEO plugin. -->","yoast_head_json":{"title":"Mod\u00e8le 720 \u2013 Obligation de d\u00e9claration - Amedia contables espana","description":"Vous \u00eates r\u00e9sident fiscal en Espagne? Vous disposez de biens de plus de 50.000\u20ac en dehors de l\u2019Espagne? Le Mod\u00e8le 720 vous concerne.","robots":{"index":"index","follow":"follow","max-snippet":"max-snippet:-1","max-image-preview":"max-image-preview:large","max-video-preview":"max-video-preview:-1"},"canonical":"https:\/\/amedia-contables-espana.com\/fr\/modele720\/","og_locale":"fr_FR","og_type":"article","og_title":"Mod\u00e8le 720 \u2013 Obligation de d\u00e9claration - Amedia contables espana","og_description":"Vous \u00eates r\u00e9sident fiscal en Espagne? Vous disposez de biens de plus de 50.000\u20ac en dehors de l\u2019Espagne? Le Mod\u00e8le 720 vous concerne.","og_url":"https:\/\/amedia-contables-espana.com\/fr\/modele720\/","og_site_name":"Amedia contables espana","article_modified_time":"2018-07-10T10:35:36+00:00","twitter_card":"summary_large_image","schema":{"@context":"https:\/\/schema.org","@graph":[{"@type":"WebPage","@id":"https:\/\/amedia-contables-espana.com\/fr\/modele720\/","url":"https:\/\/amedia-contables-espana.com\/fr\/modele720\/","name":"Mod\u00e8le 720 \u2013 Obligation de d\u00e9claration - Amedia contables espana","isPartOf":{"@id":"https:\/\/amedia-contables-espana.com\/fr\/#website"},"datePublished":"2018-05-10T12:38:36+00:00","dateModified":"2018-07-10T10:35:36+00:00","description":"Vous \u00eates r\u00e9sident fiscal en Espagne? Vous disposez de biens de plus de 50.000\u20ac en dehors de l\u2019Espagne? Le Mod\u00e8le 720 vous concerne.","breadcrumb":{"@id":"https:\/\/amedia-contables-espana.com\/fr\/modele720\/#breadcrumb"},"inLanguage":"fr-FR","potentialAction":[{"@type":"ReadAction","target":["https:\/\/amedia-contables-espana.com\/fr\/modele720\/"]}]},{"@type":"BreadcrumbList","@id":"https:\/\/amedia-contables-espana.com\/fr\/modele720\/#breadcrumb","itemListElement":[{"@type":"ListItem","position":1,"name":"Accueil","item":"https:\/\/amedia-contables-espana.com\/fr\/"},{"@type":"ListItem","position":2,"name":"Mod\u00e8le 720 \u2013 Obligation de d\u00e9claration"}]},{"@type":"WebSite","@id":"https:\/\/amedia-contables-espana.com\/fr\/#website","url":"https:\/\/amedia-contables-espana.com\/fr\/","name":"Amedia contables espana","description":"","potentialAction":[{"@type":"SearchAction","target":{"@type":"EntryPoint","urlTemplate":"https:\/\/amedia-contables-espana.com\/fr\/?s={search_term_string}"},"query-input":{"@type":"PropertyValueSpecification","valueRequired":true,"valueName":"search_term_string"}}],"inLanguage":"fr-FR"}]}},"coauthors":[],"author_meta":{"author_link":"https:\/\/amedia-contables-espana.com\/fr\/blog\/author\/admin-masonu\/","display_name":"Vitali"},"relative_dates":{"created":"Publi\u00e9 8 ans il y a","modified":"Mis \u00e0 jour 8 ans il y a"},"absolute_dates":{"created":"Publi\u00e9 le 10 Mai 2018","modified":"Mise \u00e0 jour le 10 Juillet 2018"},"absolute_dates_time":{"created":"Publi\u00e9 le 10 Mai 2018 14 h 38 min","modified":"Mise \u00e0 jour le 10 Juillet 2018 12 h 35 min"},"featured_img_caption":"","featured_img":false,"series_order":"","_links":{"self":[{"href":"https:\/\/amedia-contables-espana.com\/fr\/wp-json\/wp\/v2\/pages\/146","targetHints":{"allow":["GET"]}}],"collection":[{"href":"https:\/\/amedia-contables-espana.com\/fr\/wp-json\/wp\/v2\/pages"}],"about":[{"href":"https:\/\/amedia-contables-espana.com\/fr\/wp-json\/wp\/v2\/types\/page"}],"author":[{"embeddable":true,"href":"https:\/\/amedia-contables-espana.com\/fr\/wp-json\/wp\/v2\/users\/3"}],"replies":[{"embeddable":true,"href":"https:\/\/amedia-contables-espana.com\/fr\/wp-json\/wp\/v2\/comments?post=146"}],"version-history":[{"count":10,"href":"https:\/\/amedia-contables-espana.com\/fr\/wp-json\/wp\/v2\/pages\/146\/revisions"}],"predecessor-version":[{"id":345,"href":"https:\/\/amedia-contables-espana.com\/fr\/wp-json\/wp\/v2\/pages\/146\/revisions\/345"}],"wp:attachment":[{"href":"https:\/\/amedia-contables-espana.com\/fr\/wp-json\/wp\/v2\/media?parent=146"}],"curies":[{"name":"wp","href":"https:\/\/api.w.org\/{rel}","templated":true}]}}

Modèle 720 – Obligation de déclaration

<!-- This site is optimized with the Yoast SEO plugin v28.2 - https://yoast.com/product/yoast-seo-wordpress/ -->
<title>Modèle 720 – Obligation de déclaration - Amedia contables espana</title>
<meta name="description" content="Vous êtes résident fiscal en Espagne? Vous disposez de biens de plus de 50.000€ en dehors de l’Espagne? Le Modèle 720 vous concerne." />
<meta name="robots" content="index, follow, max-snippet:-1, max-image-preview:large, max-video-preview:-1" />
<link rel="canonical" href="https://amedia-contables-espana.com/fr/modele720/" />
<meta property="og:locale" content="fr_FR" />
<meta property="og:type" content="article" />
<meta property="og:title" content="Modèle 720 – Obligation de déclaration - Amedia contables espana" />
<meta property="og:description" content="Vous êtes résident fiscal en Espagne? Vous disposez de biens de plus de 50.000€ en dehors de l’Espagne? Le Modèle 720 vous concerne." />
<meta property="og:url" content="https://amedia-contables-espana.com/fr/modele720/" />
<meta property="og:site_name" content="Amedia contables espana" />
<meta property="article:modified_time" content="2018-07-10T10:35:36+00:00" />
<meta name="twitter:card" content="summary_large_image" />
<script type="application/ld+json" class="yoast-schema-graph">{"@context":"https:\/\/schema.org","@graph":[{"@type":"WebPage","@id":"https:\/\/amedia-contables-espana.com\/fr\/modele720\/","url":"https:\/\/amedia-contables-espana.com\/fr\/modele720\/","name":"Modèle 720 – Obligation de déclaration - Amedia contables espana","isPartOf":{"@id":"https:\/\/amedia-contables-espana.com\/fr\/#website"},"datePublished":"2018-05-10T12:38:36+00:00","dateModified":"2018-07-10T10:35:36+00:00","description":"Vous êtes résident fiscal en Espagne? Vous disposez de biens de plus de 50.000€ en dehors de l’Espagne? Le Modèle 720 vous concerne.","breadcrumb":{"@id":"https:\/\/amedia-contables-espana.com\/fr\/modele720\/#breadcrumb"},"inLanguage":"fr-FR","potentialAction":[{"@type":"ReadAction","target":["https:\/\/amedia-contables-espana.com\/fr\/modele720\/"]}]},{"@type":"BreadcrumbList","@id":"https:\/\/amedia-contables-espana.com\/fr\/modele720\/#breadcrumb","itemListElement":[{"@type":"ListItem","position":1,"name":"Accueil","item":"https:\/\/amedia-contables-espana.com\/fr\/"},{"@type":"ListItem","position":2,"name":"Modèle 720 – Obligation de déclaration"}]},{"@type":"WebSite","@id":"https:\/\/amedia-contables-espana.com\/fr\/#website","url":"https:\/\/amedia-contables-espana.com\/fr\/","name":"Amedia contables espana","description":"","potentialAction":[{"@type":"SearchAction","target":{"@type":"EntryPoint","urlTemplate":"https:\/\/amedia-contables-espana.com\/fr\/?s={search_term_string}"},"query-input":{"@type":"PropertyValueSpecification","valueRequired":true,"valueName":"search_term_string"}}],"inLanguage":"fr-FR"}]}</script>
<!-- / Yoast SEO plugin. -->

Modèle 720 – Obligation de déclaration - Amedia contables espana

Vous êtes résident fiscal en Espagne? Vous disposez de biens de plus de 50.000€ en dehors de l’Espagne? Le Modèle 720 vous concerne.

Publié 8 ans il y a

Mis à jour 8 ans il y a

Publié le 10 Mai 2018

Mise à jour le 10 Juillet 2018

Publié le 10 Mai 2018 14 h 38 min

Mise à jour le 10 Juillet 2018 12 h 35 min
